{"id":815,"date":"2010-11-23T12:11:53","date_gmt":"2010-11-23T12:11:53","guid":{"rendered":"http:\/\/mezocsatote.hu\/?page_id=815"},"modified":"2013-02-24T20:03:11","modified_gmt":"2013-02-24T20:03:11","slug":"ifjusagi-tuzoltoink","status":"publish","type":"page","link":"https:\/\/mezocsatote.hu\/?page_id=815","title":{"rendered":"Ifj\u00fas\u00e1gi t\u0171zolt\u00f3ink"},"content":{"rendered":"<p>Ifj\u00fas\u00e1gi t\u0171zolt\u00f3inkr\u00f3l sz\u00f3l\u00f3 h\u00edrek:<\/p>\n<p><a href=\"?p=655\">2010.09.13. &#8211; Els\u0151k lett\u00fcnk Szlov\u00e1ki\u00e1ban<\/a><\/p>\n<p>A csapat:<\/p>\n<p><img loading=\"lazy\" decoding=\"async\" alt=\"\" src=\"\/wp-content\/flagallery\/ificsapat.jpg\" width=\"448\" height=\"336\" \/><\/p>\n<p>A csapat tagjai: Papp Sarolta, Papp Csaba, Farkas R\u00f3bert, Moln\u00e1r Tam\u00e1s, Benke D\u00e1vid, T\u00f3th Zolt\u00e1n,<\/p>\n<p>Nagy L\u00e1szl\u00f3, Magyari Bal\u00e1zs, Magyari Istv\u00e1n.<\/p>\n<p>2011.09.03.-\u00e1n Borsodn\u00e1dasdon megrendez\u00e9sre ker\u00fclt a Megyei \u00d6nk\u00e9ntes \u00e9s L\u00e9tes\u00edtm\u00e9nyi T\u0171zolt\u00f3 versenyt az IFI. csapatunk harmadik helyez\u00e9st \u00e9rtek el<\/p>\n<p><a href=\"http:\/\/mezocsatote.hu\/wp-content\/uploads\/2010\/11\/310524_208382655888903_7052074_n.jpg\"><img loading=\"lazy\" decoding=\"async\" alt=\"310524_208382655888903_7052074_n\" src=\"http:\/\/mezocsatote.hu\/wp-content\/uploads\/2010\/11\/310524_208382655888903_7052074_n.jpg\" width=\"274\" height=\"206\" \/><\/a><\/p>\n<p>&nbsp;<\/p>\n<p>2012.06.23-\u00e1n ONG\u00c1N megrendez\u00e9sre ker\u00fclt Megyei \u00d6nk\u00e9ntes \u00e9s L\u00e9tes\u00edtm\u00e9nyi T\u0171zolt\u00f3 verseny ahol az IFI csapatunk els\u0151 helyez\u00e9st \u00e9rtek el.<\/p>\n<p><a href=\"http:\/\/mezocsatote.hu\/wp-content\/uploads\/2010\/11\/391378_132401160231147_1208213778_n.jpg\"><img loading=\"lazy\" decoding=\"async\" class=\"aligncenter size-full wp-image-2168\" alt=\"391378_132401160231147_1208213778_n\" src=\"http:\/\/mezocsatote.hu\/wp-content\/uploads\/2010\/11\/391378_132401160231147_1208213778_n.jpg\" width=\"274\" height=\"206\" \/><\/a><a href=\"http:\/\/mezocsatote.hu\/wp-content\/uploads\/2010\/11\/524047_132399903564606_1175858004_n.jpg\"><br \/>\n<\/a><\/p>\n<p>2012.08.05.-\u00e9n Mez\u0151cs\u00e1ton a k\u0151vetkez\u0151 fordul\u00f3ja az Orsz\u00e1gos Hagyom\u00e1ny\u0151rz\u0151 T\u0171zolt\u00f3 versenynek ahol az IFI csapatunk negyedik helyez\u00e9st \u00e9rtek el.<\/p>\n<p><a href=\"http:\/\/mezocsatote.hu\/wp-content\/uploads\/2010\/11\/283730_145763712228225_391342235_n.jpg\"><br \/>\n<a href=\"http:\/\/mezocsatote.hu\/wp-content\/uploads\/2012\/08\/283730_145763712228225_391342235_n.jpg\"><img loading=\"lazy\" decoding=\"async\" class=\"aligncenter size-medium wp-image-1822\" alt=\"283730_145763712228225_391342235_n\" src=\"http:\/\/mezocsatote.hu\/wp-content\/uploads\/2012\/08\/283730_145763712228225_391342235_n-300x225.jpg\" width=\"300\" height=\"225\" srcset=\"https:\/\/mezocsatote.hu\/wp-content\/uploads\/2012\/08\/283730_145763712228225_391342235_n-300x225.jpg 300w, https:\/\/mezocsatote.hu\/wp-content\/uploads\/2012\/08\/283730_145763712228225_391342235_n.jpg 960w\" sizes=\"auto, (max-width: 300px) 100vw, 300px\" \/><\/a><img loading=\"lazy\" decoding=\"async\" class=\"aligncenter size-medium wp-image-2169\" alt=\"283730_145763712228225_391342235_n\" src=\"http:\/\/mezocsatote.hu\/wp-content\/uploads\/2010\/11\/283730_145763712228225_391342235_n-300x225.jpg\" width=\"300\" height=\"225\" srcset=\"https:\/\/mezocsatote.hu\/wp-content\/uploads\/2010\/11\/283730_145763712228225_391342235_n-300x225.jpg 300w, https:\/\/mezocsatote.hu\/wp-content\/uploads\/2010\/11\/283730_145763712228225_391342235_n.jpg 960w\" sizes=\"auto, (max-width: 300px) 100vw, 300px\" \/><\/a><\/p>\n<p>&nbsp;<\/p>\n<p>&nbsp;<\/p>\n<p>&nbsp;<\/p>\n<p>&nbsp;<\/p>\n<p>&nbsp;<\/p>\n<p>&nbsp;<\/p>\n<p>&nbsp;<\/p>\n<p><a href=\"http:\/\/mezocsatote.hu\/wp-content\/uploads\/2010\/11\/310524_208382655888903_7052074_n.jpg\">\u00a0<\/a><\/p>\n<p>&nbsp;<\/p>\n","protected":false},"excerpt":{"rendered":"<p>Ifj\u00fas\u00e1gi t\u0171zolt\u00f3inkr\u00f3l sz\u00f3l\u00f3 h\u00edrek: 2010.09.13. &#8211; Els\u0151k lett\u00fcnk Szlov\u00e1ki\u00e1ban A csapat: A csapat tagjai: Papp Sarolta, Papp Csaba, Farkas R\u00f3bert, Moln\u00e1r Tam\u00e1s, Benke D\u00e1vid, T\u00f3th Zolt\u00e1n, Nagy L\u00e1szl\u00f3, Magyari Bal\u00e1zs, Magyari Istv\u00e1n. 2011.09.03.-\u00e1n Borsodn\u00e1dasdon megrendez\u00e9sre ker\u00fclt a Megyei \u00d6nk\u00e9ntes \u00e9s L\u00e9tes\u00edtm\u00e9nyi T\u0171zolt\u00f3 versenyt az IFI. csapatunk harmadik helyez\u00e9st \u00e9rtek el &nbsp; 2012.06.23-\u00e1n ONG\u00c1N megrendez\u00e9sre ker\u00fclt [&hellip;]<\/p>\n","protected":false},"author":2,"featured_media":0,"parent":0,"menu_order":3,"comment_status":"closed","ping_status":"closed","template":"","meta":{"ngg_post_thumbnail":0,"footnotes":""},"class_list":["post-815","page","type-page","status-publish","hentry"],"_links":{"self":[{"href":"https:\/\/mezocsatote.hu\/index.php?rest_route=\/wp\/v2\/pages\/815","targetHints":{"allow":["GET"]}}],"collection":[{"href":"https:\/\/mezocsatote.hu\/index.php?rest_route=\/wp\/v2\/pages"}],"about":[{"href":"https:\/\/mezocsatote.hu\/index.php?rest_route=\/wp\/v2\/types\/page"}],"author":[{"embeddable":true,"href":"https:\/\/mezocsatote.hu\/index.php?rest_route=\/wp\/v2\/users\/2"}],"replies":[{"embeddable":true,"href":"https:\/\/mezocsatote.hu\/index.php?rest_route=%2Fwp%2Fv2%2Fcomments&post=815"}],"version-history":[{"count":0,"href":"https:\/\/mezocsatote.hu\/index.php?rest_route=\/wp\/v2\/pages\/815\/revisions"}],"wp:attachment":[{"href":"https:\/\/mezocsatote.hu\/index.php?rest_route=%2Fwp%2Fv2%2Fmedia&parent=815"}],"curies":[{"name":"wp","href":"https:\/\/api.w.org\/{rel}","templated":true}]}}