{"id":5,"date":"2010-04-23T13:13:22","date_gmt":"2010-04-23T13:13:22","guid":{"rendered":"http:\/\/mezocsatote.hu\/?page_id=5"},"modified":"2021-08-14T16:02:34","modified_gmt":"2021-08-14T16:02:34","slug":"tagok","status":"publish","type":"page","link":"https:\/\/mezocsatote.hu\/?page_id=5","title":{"rendered":"Tagok"},"content":{"rendered":"<p>A Mez\u0151cs\u00e1t \u00d6TE\u00a0tagjai, tiszteletbeli tagjai, t\u00e1mogat\u00f3i:<\/p>\n<table border=\"0\" width=\"100%\" align=\"center\">\n<tbody>\n<tr>\n<td align=\"center\" width=\"50%\">\n<p style=\"text-align: center;\"><span style=\"font-size: small;\"><a href=\"http:\/\/mezocsatote.hu\/wp-content\/uploads\/2010\/04\/13325481_470536296484537_8730020076855549391_n.jpg\"><img loading=\"lazy\" decoding=\"async\" class=\"aligncenter size-medium wp-image-7021\" src=\"http:\/\/mezocsatote.hu\/wp-content\/uploads\/2010\/04\/13325481_470536296484537_8730020076855549391_n-225x300.jpg\" alt=\"13325481_470536296484537_8730020076855549391_n\" width=\"225\" height=\"300\" srcset=\"https:\/\/mezocsatote.hu\/wp-content\/uploads\/2010\/04\/13325481_470536296484537_8730020076855549391_n-225x300.jpg 225w, https:\/\/mezocsatote.hu\/wp-content\/uploads\/2010\/04\/13325481_470536296484537_8730020076855549391_n.jpg 720w\" sizes=\"auto, (max-width: 225px) 100vw, 225px\" \/><\/a><\/span><span style=\"font-size: small;\"><br \/>\nCs\u00e1sz\u00e1r J\u00e1nos\u00a0<\/span>\u00a0 eln\u00f6k<\/p>\n<p style=\"text-align: center;\">\/kik\u00e9pzett t\u0171zolt\u00f3\/<\/p>\n<\/td>\n<td align=\"center\" width=\"50%\">Kov\u00e1cs Tam\u00e1s \/kik\u00e9pzett<img loading=\"lazy\" decoding=\"async\" class=\"aligncenter\" style=\"color: #333333; display: block; font-family: Georgia,&amp;quot; times new roman&amp;quot;,&amp;quot;bitstream charter&amp;quot;,times,serif; font-size: 13.33px; font-style: normal; font-variant: normal; font-weight: 400; height: auto; letter-spacing: normal; margin-left: auto; margin-right: auto; max-width: 100%; orphans: 2; outline-color: #72777c; outline-style: solid; outline-width: 1px; text-align: left; text-decoration: none; text-indent: 0px; text-transform: none; -webkit-text-stroke-width: 0px; white-space: normal; word-spacing: 0px;\" title=\"kovacs_tamas_vezetosegi_tag\" src=\"http:\/\/mezocsatote.hu\/wp-content\/uploads\/2010\/04\/kovacs_tamas_vezetosegi_tag.png\" alt=\"\" width=\"200\" height=\"133\" \/> t\u0171zolt\u00f3\/Parancsnok<\/td>\n<\/tr>\n<tr>\n<td align=\"center\" width=\"50%\">\n<p style=\"text-align: center;\"><span style=\"font-size: small;\"><a href=\"http:\/\/mezocsatote.hu\/wp-content\/uploads\/2010\/04\/13529105_1090445931015843_5668514831194840140_n.jpg\"><img loading=\"lazy\" decoding=\"async\" class=\"aligncenter size-medium wp-image-7022\" src=\"http:\/\/mezocsatote.hu\/wp-content\/uploads\/2010\/04\/13529105_1090445931015843_5668514831194840140_n-168x300.jpg\" alt=\"13529105_1090445931015843_5668514831194840140_n\" width=\"168\" height=\"300\" srcset=\"https:\/\/mezocsatote.hu\/wp-content\/uploads\/2010\/04\/13529105_1090445931015843_5668514831194840140_n-168x300.jpg 168w, https:\/\/mezocsatote.hu\/wp-content\/uploads\/2010\/04\/13529105_1090445931015843_5668514831194840140_n.jpg 539w\" sizes=\"auto, (max-width: 168px) 100vw, 168px\" \/><\/a><\/span><\/p>\n<p>Borsos M\u00e1t\u00e9 vezet\u0151s\u00e9gi tag<\/p>\n<p style=\"text-align: center;\">\/kik\u00e9pzett t\u0171zolt\u00f3\/<\/p>\n<\/td>\n<td align=\"center\" width=\"50%\">\n<p style=\"text-align: center;\"><em id=\"__mceDel\"><span style=\"font-size: small;\"><br \/>\n<a href=\"http:\/\/mezocsatote.hu\/wp-content\/uploads\/2010\/04\/16.jpg\"><img loading=\"lazy\" decoding=\"async\" class=\"aligncenter size-medium wp-image-1880\" src=\"http:\/\/mezocsatote.hu\/wp-content\/uploads\/2010\/04\/16-225x300.jpg\" alt=\"16\" width=\"225\" height=\"300\" srcset=\"https:\/\/mezocsatote.hu\/wp-content\/uploads\/2010\/04\/16-225x300.jpg 225w, https:\/\/mezocsatote.hu\/wp-content\/uploads\/2010\/04\/16.jpg 720w\" sizes=\"auto, (max-width: 225px) 100vw, 225px\" \/><\/a><\/span><\/em>Eszes Istv\u00e1n vezet\u0151s\u00e9gi tag<\/p>\n<p style=\"text-align: center;\">\/kik\u00e9pzett t\u0171zolt\u00f3\/<\/p>\n<\/td>\n<\/tr>\n<\/tbody>\n<\/table>\n<p>&nbsp;<\/p>\n<p>R\u00e9p\u00e1si G\u00e1bor gk.vezet\u0151\/kik\u00e9pzett t\u0171zolt\u00f3<\/p>\n<p>N\u00e9meth J\u00e1nos<br \/>\n\/kik\u00e9pzett t\u0171zolt\u00f3<\/p>\n<p>Kov\u00e1cs Ferenc \/kik\u00e9pzett t\u0171zolt\u00f3<\/p>\n<p>L\u0151rincz Norbert\/kik\u00e9pzett t\u0171zolt\u00f3\/<\/p>\n<p>Sepsi Gyula \/kik\u00e9pzett t\u0171zolt\u00f3\/<\/p>\n<p>Szab\u00f3 Gy\u00f6rgy gk. vezet\u0151 \/kik\u00e9pzett t\u0171zolt\u00f3\/<\/p>\n<p>M. Varga G\u00e1bor vonul\u00f3s t\u0171zolt\u00f3\/kik\u00e9pzett t\u0171zolt\u00f3\/<\/p>\n<p>Dukai J\u00f3zsef vonul\u00f3s t\u0171zolt\u00f3\/kik\u00e9pzett t\u0171zolt\u00f3\/<\/p>\n<p>Dukai Szabolcs vonul\u00f3s t\u0171zolt\u00f3 \/kik\u00e9pzett t\u0171zolt\u00f3\/<\/p>\n<p>Szolga Istv\u00e1n vonul\u00f3s t\u0171zolt\u00f3\/kik\u00e9pzett t\u0171zolt\u00f3\/<\/p>\n<p>Kalber D\u00e1vid vonul\u00f3s t\u0171zolt\u00f3\/kik\u00e9pzett t\u0171zolt\u00f3\/<\/p>\n<p>Vig-Kiss Ferenc vonul\u00f3s t\u0171zolt\u00f3\/kik\u00e9pzett t\u0171zolt\u00f3\/<\/p>\n<p>Vass Gerg\u0151 vonul\u00f3s t\u0171zolt\u00f3\/kik\u00e9pzett t\u0171zolt\u00f3\/<\/p>\n<p>Kov\u00e1cs Vikt\u00f3ria vonul\u00f3s t\u0171zolt\u00f3\/kik\u00e9pzett t\u0171zolt\u00f3<\/p>\n<p>L\u0151rincz Mih\u00e1ly gk. vezet\u0151\/kik\u00e9pzett t\u0171zolt\u00f3\/<\/p>\n<p>Kov\u00e1cs G\u00e1bor\u00a0vonul\u00f3s t\u0171zolt\u00f3\/kik\u00e9pzett t\u0171zolt\u00f3\/<\/p>\n<p>Hajd\u00fa Roland \u00a0vonul\u00f3s t\u0171zolt\u00f3\/kik\u00e9pzett t\u0171zolt\u00f3\/<\/p>\n<p>M\u00e9sz\u00e1ros Tam\u00e1s vonul\u00f3s t\u0171zolt\u00f3\/kik\u00e9pzett t\u0171zolt\u00f3\/<\/p>\n<p>Cseh Kriszti\u00e1n K\u00e1roly vonul\u00f3s t\u0171zolt\u00f3\/kik\u00e9pzett t\u0171zolt\u00f3\/<\/p>\n<p>Bodn\u00e1r Zolt\u00e1n vonul\u00f3s t\u0171zolt\u00f3\/kik\u00e9pzett t\u0171zolt\u00f3\/<\/p>\n<p id=\"js_1m\" data-ft=\"{&quot;tn&quot;:&quot;C&quot;}\">Csetk\u00f3 Istv\u00e1n vonul\u00f3s t\u0171zolt\u00f3\/kik\u00e9pzett t\u0171zolt\u00f3\/<\/p>\n<p data-ft=\"{&quot;tn&quot;:&quot;C&quot;}\">Sofer J\u00e1n\u00f3s\u00a0 vonul\u00f3s t\u0171zolt\u00f3\/kik\u00e9pzett t\u0171zolt\u00f3\/<\/p>\n<p data-ft=\"{&quot;tn&quot;:&quot;C&quot;}\">L\u00e9vai Istv\u00e1n vonul\u00f3s t\u0171zolt\u00f3\/kik\u00e9pzett t\u0171zolt\u00f3\/<\/p>\n<p data-ft=\"{&quot;tn&quot;:&quot;C&quot;}\">Cs\u00e1sz\u00e1r Norbert\u00a0 vonul\u00f3s t\u0171zolt\u00f3\/kik\u00e9pzett t\u0171zolt\u00f3\/<\/p>\n<p data-ft=\"{&quot;tn&quot;:&quot;C&quot;}\">Bartus Attila\u00a0 vonul\u00f3s t\u0171zolt\u00f3\/kik\u00e9pzett t\u0171zolt\u00f3\/<\/p>\n<p data-ft=\"{&quot;tn&quot;:&quot;C&quot;}\">Kov\u00e1cs \u00c1ron<\/p>\n<p>id. Szinai Mih\u00e1ly tiszteletbeli tag<\/p>\n<p>Tak\u00e1cs Bertalan tiszteletbeli tag<\/p>\n<p>Zsidai L\u00e1szl\u00f3n\u00e9 tiszteletbeli tag<\/p>\n<p>Zsidai L\u00e1szl\u00f3 tiszteletbeli tag<\/p>\n<p>A CSAPAT EGY R\u00c9SZE<\/p>\n<p><a href=\"http:\/\/mezocsatote.hu\/wp-content\/uploads\/2010\/04\/579505_106615966143000_1876807240_n.jpg\"><img loading=\"lazy\" decoding=\"async\" src=\"http:\/\/mezocsatote.hu\/wp-content\/uploads\/2010\/04\/579505_106615966143000_1876807240_n-300x225.jpg\" alt=\"579505_106615966143000_1876807240_n\" width=\"300\" height=\"225\" \/><\/a><\/p>\n<p style=\"text-align: center;\">\n","protected":false},"excerpt":{"rendered":"<p>A Mez\u0151cs\u00e1t \u00d6TE\u00a0tagjai, tiszteletbeli tagjai, t\u00e1mogat\u00f3i: Cs\u00e1sz\u00e1r J\u00e1nos\u00a0\u00a0 eln\u00f6k \/kik\u00e9pzett t\u0171zolt\u00f3\/ Kov\u00e1cs Tam\u00e1s \/kik\u00e9pzett t\u0171zolt\u00f3\/Parancsnok Borsos M\u00e1t\u00e9 vezet\u0151s\u00e9gi tag \/kik\u00e9pzett t\u0171zolt\u00f3\/ Eszes Istv\u00e1n vezet\u0151s\u00e9gi tag \/kik\u00e9pzett t\u0171zolt\u00f3\/ &nbsp; R\u00e9p\u00e1si G\u00e1bor gk.vezet\u0151\/kik\u00e9pzett t\u0171zolt\u00f3 N\u00e9meth J\u00e1nos \/kik\u00e9pzett t\u0171zolt\u00f3 Kov\u00e1cs Ferenc \/kik\u00e9pzett t\u0171zolt\u00f3 L\u0151rincz Norbert\/kik\u00e9pzett t\u0171zolt\u00f3\/ Sepsi Gyula \/kik\u00e9pzett t\u0171zolt\u00f3\/ Szab\u00f3 Gy\u00f6rgy gk. vezet\u0151 \/kik\u00e9pzett t\u0171zolt\u00f3\/ M. Varga [&hellip;]<\/p>\n","protected":false},"author":2,"featured_media":0,"parent":0,"menu_order":2,"comment_status":"closed","ping_status":"closed","template":"","meta":{"ngg_post_thumbnail":0,"footnotes":""},"class_list":["post-5","page","type-page","status-publish","hentry"],"_links":{"self":[{"href":"https:\/\/mezocsatote.hu\/index.php?rest_route=\/wp\/v2\/pages\/5","targetHints":{"allow":["GET"]}}],"collection":[{"href":"https:\/\/mezocsatote.hu\/index.php?rest_route=\/wp\/v2\/pages"}],"about":[{"href":"https:\/\/mezocsatote.hu\/index.php?rest_route=\/wp\/v2\/types\/page"}],"author":[{"embeddable":true,"href":"https:\/\/mezocsatote.hu\/index.php?rest_route=\/wp\/v2\/users\/2"}],"replies":[{"embeddable":true,"href":"https:\/\/mezocsatote.hu\/index.php?rest_route=%2Fwp%2Fv2%2Fcomments&post=5"}],"version-history":[{"count":0,"href":"https:\/\/mezocsatote.hu\/index.php?rest_route=\/wp\/v2\/pages\/5\/revisions"}],"wp:attachment":[{"href":"https:\/\/mezocsatote.hu\/index.php?rest_route=%2Fwp%2Fv2%2Fmedia&parent=5"}],"curies":[{"name":"wp","href":"https:\/\/api.w.org\/{rel}","templated":true}]}}