{"id":4,"date":"2010-04-23T13:13:22","date_gmt":"2010-04-23T13:13:22","guid":{"rendered":"http:\/\/mezocsatote.hu\/?page_id=4"},"modified":"2013-05-26T13:10:48","modified_gmt":"2013-05-26T13:10:48","slug":"bemutatkozas","status":"publish","type":"page","link":"https:\/\/mezocsatote.hu\/?page_id=4","title":{"rendered":"Bemutatkoz\u00e1s"},"content":{"rendered":"<p style=\"text-align: justify;\">A Mez\u0151cs\u00e1ti T\u0171zolt\u00f3 Egyes\u00fclet jelenleg 23 f\u0151vel m\u0171k\u00f6dik, a jelenlegi form\u00e1ban 2008. augusztus\u00e1t\u00f3l. Ebb\u0151l 11 hivat\u00e1sos, 12 \u00f6nk\u00e9ntes t\u0171zolt\u00f3 van jelenleg eb\u00f6l egy h\u00f6lgy tagunk is van.<\/p>\n<p style=\"text-align: justify;\">Feladataink: t\u0171zolt\u00e1s, m\u0171szaki ment\u00e9s, bajba jutott emberek megseg\u00edt\u00e9se.<\/p>\n<p style=\"text-align: justify;\">Ezenk\u00edv\u00fcl sz\u00edvesen megy\u00fcnk ahova h\u00edvnak benn\u00fcnket, voltunk \u00f3vod\u00e1kban, \u00f3vod\u00e1s csoportokat fogadtunk, sportrendezv\u00e9nyeken vesz\u00fcnk r\u00e9szt,hagyom\u00e1ny \u0151rz\u0151 bemutat\u00f3kon is r\u00e9szt vesz\u00fcnk \u00a0 \u00a0rendezv\u00e9nyeket biztos\u00edtunk, ha felk\u00e9rnek r\u00e1 minket.<\/p>\n<p style=\"text-align: justify;\">Egyes\u00fclet\u00fcnk c\u00e9lul t\u0171zte ki a folyamatos fejl\u0151d\u00e9st, lehet\u0151s\u00e9geinkhez m\u00e9rten, amiben az anyagiak er\u0151sen behat\u00e1rolnak minket. Folyamatosan k\u00fcl\u00f6nb\u00f6z\u0151 p\u00e1ly\u00e1zatokon vesz\u00fcnk r\u00e9szt, t\u00f6bb-kevesebb sikerrel.<\/p>\n<p style=\"text-align: justify;\">Gyermek- \u00e9s ifj\u00fas\u00e1gi csapat szervez\u00e9se, hogy vissza\u00e1ll\u00edtsuk r\u00e9gi f\u00e9ny\u00e9t t\u0171zolt\u00f3s\u00e1gunknak, ami megszak\u00edt\u00e1sokkal ugyan de 1880 \u00f3ta m\u0171k\u00f6dik.<\/p>\n","protected":false},"excerpt":{"rendered":"<p>A Mez\u0151cs\u00e1ti T\u0171zolt\u00f3 Egyes\u00fclet jelenleg 23 f\u0151vel m\u0171k\u00f6dik, a jelenlegi form\u00e1ban 2008. augusztus\u00e1t\u00f3l. Ebb\u0151l 11 hivat\u00e1sos, 12 \u00f6nk\u00e9ntes t\u0171zolt\u00f3 van jelenleg eb\u00f6l egy h\u00f6lgy tagunk is van. Feladataink: t\u0171zolt\u00e1s, m\u0171szaki ment\u00e9s, bajba jutott emberek megseg\u00edt\u00e9se. Ezenk\u00edv\u00fcl sz\u00edvesen megy\u00fcnk ahova h\u00edvnak benn\u00fcnket, voltunk \u00f3vod\u00e1kban, \u00f3vod\u00e1s csoportokat fogadtunk, sportrendezv\u00e9nyeken vesz\u00fcnk r\u00e9szt,hagyom\u00e1ny \u0151rz\u0151 bemutat\u00f3kon is r\u00e9szt vesz\u00fcnk \u00a0 [&hellip;]<\/p>\n","protected":false},"author":2,"featured_media":0,"parent":0,"menu_order":0,"comment_status":"closed","ping_status":"closed","template":"","meta":{"ngg_post_thumbnail":0,"footnotes":""},"class_list":["post-4","page","type-page","status-publish","hentry"],"_links":{"self":[{"href":"https:\/\/mezocsatote.hu\/index.php?rest_route=\/wp\/v2\/pages\/4","targetHints":{"allow":["GET"]}}],"collection":[{"href":"https:\/\/mezocsatote.hu\/index.php?rest_route=\/wp\/v2\/pages"}],"about":[{"href":"https:\/\/mezocsatote.hu\/index.php?rest_route=\/wp\/v2\/types\/page"}],"author":[{"embeddable":true,"href":"https:\/\/mezocsatote.hu\/index.php?rest_route=\/wp\/v2\/users\/2"}],"replies":[{"embeddable":true,"href":"https:\/\/mezocsatote.hu\/index.php?rest_route=%2Fwp%2Fv2%2Fcomments&post=4"}],"version-history":[{"count":0,"href":"https:\/\/mezocsatote.hu\/index.php?rest_route=\/wp\/v2\/pages\/4\/revisions"}],"wp:attachment":[{"href":"https:\/\/mezocsatote.hu\/index.php?rest_route=%2Fwp%2Fv2%2Fmedia&parent=4"}],"curies":[{"name":"wp","href":"https:\/\/api.w.org\/{rel}","templated":true}]}}